{"id":56,"date":"2014-07-09T23:57:23","date_gmt":"2014-07-09T21:57:23","guid":{"rendered":"http:\/\/www.sanninggarden.com\/?page_id=56"},"modified":"2025-09-03T23:44:59","modified_gmt":"2025-09-03T21:44:59","slug":"konferens","status":"publish","type":"page","link":"https:\/\/sanninggarden.com\/english\/konferens\/","title":{"rendered":"Conference"},"content":{"rendered":"<p><strong>Conference facilities with inspiring views and a serene workspace<\/strong><\/p>\n\n\n\n<div class=\"wp-block-group is-nowrap is-layout-flex wp-container-core-group-is-layout-ad2f72ca wp-block-group-is-layout-flex\">\n<p class=\"has-text-align-left\">Welcome to S\u00e5nningg\u00e5rden \u2013 a place where the tranquility of nature meets the need for corporate gathering and focus. Our conference room offers a bright and relaxing atmosphere, designed to inspire productivity and meaningful conversation. With capacity for up to <strong>30 - 40 people<\/strong> , the space is equally well suited for small workgroups as it is for larger meetings and training sessions.<br \/>The conference room is equipped with reliable WiFi, a projector and screen, and excellent ventilation that ensures a pleasant indoor climate year-round. The furniture is flexible and can be easily arranged to suit your preferences\u2014whether you're hosting board meetings, workshops, or seminars.<br \/><br \/>What truly sets S\u00e5nningg\u00e5rden apart is its unique location. From the large windows of the conference room, you overlook mountains and valleys\u2014an ever-changing landscape that shifts with the seasons, offering a constantly evolving backdrop for your work. Here, there is space for reflection\u2014and room for new ideas to grow.<\/p>\n<\/div>\n\n\n<div class=\"wp-block-image\">\n<figure class=\"alignleft size-large is-resized\"><a href=\"https:\/\/sanninggarden.com\/wp-content\/uploads\/2025\/08\/0013-1.jpg\"><img loading=\"lazy\" decoding=\"async\" width=\"683\" height=\"1024\" src=\"https:\/\/sanninggarden.com\/wp-content\/uploads\/2025\/08\/0013-1-683x1024.jpg\" alt=\"\" class=\"wp-image-1261\" style=\"width:178px;height:auto\" srcset=\"https:\/\/sanninggarden.com\/wp-content\/uploads\/2025\/08\/0013-1-683x1024.jpg 683w, https:\/\/sanninggarden.com\/wp-content\/uploads\/2025\/08\/0013-1-200x300.jpg 200w, https:\/\/sanninggarden.com\/wp-content\/uploads\/2025\/08\/0013-1-768x1152.jpg 768w, https:\/\/sanninggarden.com\/wp-content\/uploads\/2025\/08\/0013-1.jpg 779w\" sizes=\"auto, (max-width: 683px) 100vw, 683px\" \/><\/a><\/figure>\n<\/div>\n\n\n<p>Throughout the day, we offer coffee breaks, lunch, and dinner\u2014carefully prepared using local ingredients. If you'd like to end the day with a relaxing moment in our sauna or take a walk in the surrounding nature to clear your mind, we're happy to help arrange it.<br \/><br \/>We want every visit with us to feel intentional, personal, and peaceful. S\u00e5nningg\u00e5rden is not just a place for meetings \u2013 it\u2019s an environment where focus and calm can truly flourish.<\/p>\n\n\n\n<p><a href=\"mailto:info@sanninggarden.com\">Contact us<\/a> for more information, to arrange a viewing, or to make a booking, please don\u2019t hesitate to get in touch.<\/p>\n\n\n\n<div class=\"wp-block-group is-content-justification-center is-nowrap is-layout-flex wp-container-core-group-is-layout-94bc23d7 wp-block-group-is-layout-flex\">\n<figure class=\"wp-block-image size-large is-resized\"><a href=\"https:\/\/sanninggarden.com\/wp-content\/uploads\/2025\/08\/0014.jpg\"><img loading=\"lazy\" decoding=\"async\" width=\"682\" height=\"1024\" src=\"https:\/\/sanninggarden.com\/wp-content\/uploads\/2025\/08\/0014-682x1024.jpg\" alt=\"\" class=\"wp-image-1234\" style=\"width:256px;height:auto\" srcset=\"https:\/\/sanninggarden.com\/wp-content\/uploads\/2025\/08\/0014-682x1024.jpg 682w, https:\/\/sanninggarden.com\/wp-content\/uploads\/2025\/08\/0014-200x300.jpg 200w, https:\/\/sanninggarden.com\/wp-content\/uploads\/2025\/08\/0014-768x1152.jpg 768w, https:\/\/sanninggarden.com\/wp-content\/uploads\/2025\/08\/0014.jpg 787w\" sizes=\"auto, (max-width: 682px) 100vw, 682px\" \/><\/a><\/figure>\n\n\n\n<figure class=\"wp-block-image size-large is-resized\"><a href=\"https:\/\/sanninggarden.com\/wp-content\/uploads\/2025\/08\/0016-1.jpg\"><img loading=\"lazy\" decoding=\"async\" width=\"682\" height=\"1024\" src=\"https:\/\/sanninggarden.com\/wp-content\/uploads\/2025\/08\/0016-1-682x1024.jpg\" alt=\"\" class=\"wp-image-1245\" style=\"width:256px\" srcset=\"https:\/\/sanninggarden.com\/wp-content\/uploads\/2025\/08\/0016-1-682x1024.jpg 682w, https:\/\/sanninggarden.com\/wp-content\/uploads\/2025\/08\/0016-1-200x300.jpg 200w, https:\/\/sanninggarden.com\/wp-content\/uploads\/2025\/08\/0016-1-768x1152.jpg 768w, https:\/\/sanninggarden.com\/wp-content\/uploads\/2025\/08\/0016-1.jpg 787w\" sizes=\"auto, (max-width: 682px) 100vw, 682px\" \/><\/a><\/figure>\n<\/div>\n\n\n\n<figure class=\"wp-block-gallery has-nested-images columns-default is-cropped wp-block-gallery-1 is-layout-flex wp-block-gallery-is-layout-flex\">\n<figure class=\"wp-block-image size-large\"><a href=\"https:\/\/sanninggarden.com\/wp-content\/uploads\/2025\/08\/0017-2.jpg\"><img loading=\"lazy\" decoding=\"async\" width=\"1024\" height=\"682\" data-id=\"1241\" src=\"https:\/\/sanninggarden.com\/wp-content\/uploads\/2025\/08\/0017-2-1024x682.jpg\" alt=\"\" class=\"wp-image-1241\" srcset=\"https:\/\/sanninggarden.com\/wp-content\/uploads\/2025\/08\/0017-2-1024x682.jpg 1024w, https:\/\/sanninggarden.com\/wp-content\/uploads\/2025\/08\/0017-2-300x200.jpg 300w, https:\/\/sanninggarden.com\/wp-content\/uploads\/2025\/08\/0017-2-768x512.jpg 768w, https:\/\/sanninggarden.com\/wp-content\/uploads\/2025\/08\/0017-2.jpg 1181w\" sizes=\"auto, (max-width: 1024px) 100vw, 1024px\" \/><\/a><\/figure>\n\n\n\n<figure class=\"wp-block-image size-large\"><a href=\"https:\/\/sanninggarden.com\/wp-content\/uploads\/2025\/08\/0019-1.jpg\"><img loading=\"lazy\" decoding=\"async\" width=\"1024\" height=\"682\" data-id=\"1244\" src=\"https:\/\/sanninggarden.com\/wp-content\/uploads\/2025\/08\/0019-1-1024x682.jpg\" alt=\"\" class=\"wp-image-1244\" srcset=\"https:\/\/sanninggarden.com\/wp-content\/uploads\/2025\/08\/0019-1-1024x682.jpg 1024w, https:\/\/sanninggarden.com\/wp-content\/uploads\/2025\/08\/0019-1-300x200.jpg 300w, https:\/\/sanninggarden.com\/wp-content\/uploads\/2025\/08\/0019-1-768x512.jpg 768w, https:\/\/sanninggarden.com\/wp-content\/uploads\/2025\/08\/0019-1.jpg 1181w\" sizes=\"auto, (max-width: 1024px) 100vw, 1024px\" \/><\/a><\/figure>\n\n\n\n<figure class=\"wp-block-image size-large\"><a href=\"https:\/\/sanninggarden.com\/wp-content\/uploads\/2025\/08\/0026.jpg\"><img loading=\"lazy\" decoding=\"async\" width=\"1024\" height=\"683\" data-id=\"1238\" src=\"https:\/\/sanninggarden.com\/wp-content\/uploads\/2025\/08\/0026-1024x683.jpg\" alt=\"\" class=\"wp-image-1238\" srcset=\"https:\/\/sanninggarden.com\/wp-content\/uploads\/2025\/08\/0026-1024x683.jpg 1024w, https:\/\/sanninggarden.com\/wp-content\/uploads\/2025\/08\/0026-300x200.jpg 300w, https:\/\/sanninggarden.com\/wp-content\/uploads\/2025\/08\/0026-768x512.jpg 768w, https:\/\/sanninggarden.com\/wp-content\/uploads\/2025\/08\/0026.jpg 1266w\" sizes=\"auto, (max-width: 1024px) 100vw, 1024px\" \/><\/a><\/figure>\n\n\n\n<figure class=\"wp-block-image size-large\"><a href=\"https:\/\/sanninggarden.com\/wp-content\/uploads\/2025\/08\/0030.jpg\"><img loading=\"lazy\" decoding=\"async\" width=\"1024\" height=\"682\" data-id=\"1243\" src=\"https:\/\/sanninggarden.com\/wp-content\/uploads\/2025\/08\/0030-1024x682.jpg\" alt=\"\" class=\"wp-image-1243\" srcset=\"https:\/\/sanninggarden.com\/wp-content\/uploads\/2025\/08\/0030-1024x682.jpg 1024w, https:\/\/sanninggarden.com\/wp-content\/uploads\/2025\/08\/0030-300x200.jpg 300w, https:\/\/sanninggarden.com\/wp-content\/uploads\/2025\/08\/0030-768x512.jpg 768w, https:\/\/sanninggarden.com\/wp-content\/uploads\/2025\/08\/0030.jpg 1181w\" sizes=\"auto, (max-width: 1024px) 100vw, 1024px\" \/><\/a><\/figure>\n\n\n\n<figure class=\"wp-block-image size-large\"><a href=\"https:\/\/sanninggarden.com\/wp-content\/uploads\/2025\/08\/0033.jpg\"><img loading=\"lazy\" decoding=\"async\" width=\"1024\" height=\"682\" data-id=\"1242\" src=\"https:\/\/sanninggarden.com\/wp-content\/uploads\/2025\/08\/0033-1024x682.jpg\" alt=\"\" class=\"wp-image-1242\" srcset=\"https:\/\/sanninggarden.com\/wp-content\/uploads\/2025\/08\/0033-1024x682.jpg 1024w, https:\/\/sanninggarden.com\/wp-content\/uploads\/2025\/08\/0033-300x200.jpg 300w, https:\/\/sanninggarden.com\/wp-content\/uploads\/2025\/08\/0033-768x512.jpg 768w, https:\/\/sanninggarden.com\/wp-content\/uploads\/2025\/08\/0033.jpg 1129w\" sizes=\"auto, (max-width: 1024px) 100vw, 1024px\" \/><\/a><\/figure>\n\n\n\n<figure class=\"wp-block-image size-large\"><a href=\"https:\/\/sanninggarden.com\/wp-content\/uploads\/2025\/08\/0035-1.jpg\"><img loading=\"lazy\" decoding=\"async\" width=\"1024\" height=\"682\" data-id=\"1239\" src=\"https:\/\/sanninggarden.com\/wp-content\/uploads\/2025\/08\/0035-1-1024x682.jpg\" alt=\"\" class=\"wp-image-1239\" srcset=\"https:\/\/sanninggarden.com\/wp-content\/uploads\/2025\/08\/0035-1-1024x682.jpg 1024w, https:\/\/sanninggarden.com\/wp-content\/uploads\/2025\/08\/0035-1-300x200.jpg 300w, https:\/\/sanninggarden.com\/wp-content\/uploads\/2025\/08\/0035-1-768x512.jpg 768w, https:\/\/sanninggarden.com\/wp-content\/uploads\/2025\/08\/0035-1.jpg 1061w\" sizes=\"auto, (max-width: 1024px) 100vw, 1024px\" \/><\/a><\/figure>\n\n\n\n<figure class=\"wp-block-image size-large\"><a href=\"https:\/\/sanninggarden.com\/wp-content\/uploads\/2025\/08\/0032.jpg\"><img loading=\"lazy\" decoding=\"async\" width=\"1024\" height=\"682\" data-id=\"1240\" src=\"https:\/\/sanninggarden.com\/wp-content\/uploads\/2025\/08\/0032-1024x682.jpg\" alt=\"\" class=\"wp-image-1240\" srcset=\"https:\/\/sanninggarden.com\/wp-content\/uploads\/2025\/08\/0032-1024x682.jpg 1024w, https:\/\/sanninggarden.com\/wp-content\/uploads\/2025\/08\/0032-300x200.jpg 300w, https:\/\/sanninggarden.com\/wp-content\/uploads\/2025\/08\/0032-768x512.jpg 768w, https:\/\/sanninggarden.com\/wp-content\/uploads\/2025\/08\/0032.jpg 1181w\" sizes=\"auto, (max-width: 1024px) 100vw, 1024px\" \/><\/a><\/figure>\n\n\n\n<figure class=\"wp-block-image size-large\"><a href=\"https:\/\/sanninggarden.com\/wp-content\/uploads\/2025\/08\/0007.jpg\"><img loading=\"lazy\" decoding=\"async\" width=\"1024\" height=\"683\" data-id=\"1236\" src=\"https:\/\/sanninggarden.com\/wp-content\/uploads\/2025\/08\/0007-1024x683.jpg\" alt=\"\" class=\"wp-image-1236\" srcset=\"https:\/\/sanninggarden.com\/wp-content\/uploads\/2025\/08\/0007-1024x683.jpg 1024w, https:\/\/sanninggarden.com\/wp-content\/uploads\/2025\/08\/0007-300x200.jpg 300w, https:\/\/sanninggarden.com\/wp-content\/uploads\/2025\/08\/0007-768x512.jpg 768w, https:\/\/sanninggarden.com\/wp-content\/uploads\/2025\/08\/0007.jpg 1096w\" sizes=\"auto, (max-width: 1024px) 100vw, 1024px\" \/><\/a><\/figure>\n\n\n\n<figure class=\"wp-block-image size-large\"><a href=\"https:\/\/sanninggarden.com\/wp-content\/uploads\/2025\/08\/0006-1.jpg\"><img loading=\"lazy\" decoding=\"async\" width=\"1024\" height=\"682\" data-id=\"1237\" src=\"https:\/\/sanninggarden.com\/wp-content\/uploads\/2025\/08\/0006-1-1024x682.jpg\" alt=\"\" class=\"wp-image-1237\" srcset=\"https:\/\/sanninggarden.com\/wp-content\/uploads\/2025\/08\/0006-1-1024x682.jpg 1024w, https:\/\/sanninggarden.com\/wp-content\/uploads\/2025\/08\/0006-1-300x200.jpg 300w, https:\/\/sanninggarden.com\/wp-content\/uploads\/2025\/08\/0006-1-768x512.jpg 768w, https:\/\/sanninggarden.com\/wp-content\/uploads\/2025\/08\/0006-1.jpg 1181w\" sizes=\"auto, (max-width: 1024px) 100vw, 1024px\" \/><\/a><\/figure>\n<\/figure>\n\n\n\n<p><\/p>\n\n\n\n<p><\/p>\n\n\n\n<p class=\"has-text-align-center\"><strong>En vistelse p\u00e5 S\u00e5nningg\u00e5rden ska alltid vara v\u00e4l v\u00e4rd att minnas!<\/strong><\/p>","protected":false},"excerpt":{"rendered":"<p>Konferensrum med utsikt och arbetsro V\u00e4lkommen till S\u00e5nningg\u00e5rden \u2013 en plats d\u00e4r naturens stillhet m\u00f6ter f\u00f6retagens behov av samling och fokus. V\u00e5rt konferensrum erbjuder en ljus och avkopplande milj\u00f6, designad f\u00f6r att inspirera produktivitet och goda samtal. Med kapacitet f\u00f6r 30\u201340 personer l\u00e4mpar sig lokalen lika v\u00e4l f\u00f6r mindre arbetsgrupper som f\u00f6r st\u00f6rre m\u00f6ten och [&hellip;]<\/p>\n","protected":false},"author":1,"featured_media":0,"parent":0,"menu_order":0,"comment_status":"open","ping_status":"open","template":"","meta":{"footnotes":""},"class_list":["post-56","page","type-page","status-publish","hentry"],"_links":{"self":[{"href":"https:\/\/sanninggarden.com\/english\/wp-json\/wp\/v2\/pages\/56","targetHints":{"allow":["GET"]}}],"collection":[{"href":"https:\/\/sanninggarden.com\/english\/wp-json\/wp\/v2\/pages"}],"about":[{"href":"https:\/\/sanninggarden.com\/english\/wp-json\/wp\/v2\/types\/page"}],"author":[{"embeddable":true,"href":"https:\/\/sanninggarden.com\/english\/wp-json\/wp\/v2\/users\/1"}],"replies":[{"embeddable":true,"href":"https:\/\/sanninggarden.com\/english\/wp-json\/wp\/v2\/comments?post=56"}],"version-history":[{"count":51,"href":"https:\/\/sanninggarden.com\/english\/wp-json\/wp\/v2\/pages\/56\/revisions"}],"predecessor-version":[{"id":1469,"href":"https:\/\/sanninggarden.com\/english\/wp-json\/wp\/v2\/pages\/56\/revisions\/1469"}],"wp:attachment":[{"href":"https:\/\/sanninggarden.com\/english\/wp-json\/wp\/v2\/media?parent=56"}],"curies":[{"name":"wp","href":"https:\/\/api.w.org\/{rel}","templated":true}]}}